3012
In base 11, what is -32150 - -5?
-32146
In base 7, what is 146 + 25?
204
In base 7, what is -2014263 + -5?
-2014301
In base 14, what is -3 - -4a5d2?
4a5cd
In base 7, what is -102310 + -3?
-102313
In base 6, what is 4 - 14302511?
-14302503
In base 2, what is 111000 - -11000110?
11111110
In base 10, what is 859734 + 4?
859738
In base 9, what is 101 + -45072?
-44871
In base 12, what is -24161 + 3b?
-24122
In base 3, what is 1011201200 - 1020?
1011200110
In base 8, what is 7 - -427541?
427550
In base 14, what is -c + -2c825?
-2c833
In base 12, what is 2 - 7035?
-7033
In base 14, what is 12 - -2a24?
2a36
In base 9, what is 10006 - -1?
10007
In base 5, what is 2203241 - -1?
2203242
In base 7, what is 234522 - -5?
234530
In base 7, what is 13426 - 23?
13403
In base 2, what is -1000101010 + 1010?
-1000100000
In base 13, what is 923 - 3b?
8b5
In base 8, what is -164025 + -3?
-164030
In base 4, what is -102311123 + -221?
-102312010
In base 4, what is 23021 + 132303?
221330
In base 5, what is 230 + 303433?
304213
In base 7, what is 5 + -5254?
-5246
In base 3, what is 111 + 10012011?
10012122
In base 5, what is 2330314 + -4?
2330310
In base 9, what is -62 + -1363?
-1435
In base 7, what is 1044134 - 5?
1044126
In base 15, what is 58e7 + -11?
58d6
In base 6, what is -1414 - -254?
-1120
In base 8, what is 11 - 76624?
-76613
In base 14, what is 337 - 204?
133
In base 5, what is 31404430 + 2?
31404432
In base 6, what is 2 + 500102?
500104
In base 12, what is -1 - 9820?
-9821
In base 9, what is 2 + 681?
683
In base 8, what is -463227 - 3?
-463232
In base 5, what is -10213 + 2032?
-3131
In base 11, what is 1 - 36857?
-36856
In base 14, what is -b - -6406?
63d9
In base 11, what is 3 - 1179a?
-11797
In base 13, what is -22 + -2b5?
-307
In base 4, what is 3033001220 + 11?
3033001231
In base 3, what is 2 + 2211201211?
2211201220
In base 5, what is -4 - 21324212?
-21324221
In base 16, what is 49a - 0?
49a
In base 9, what is -25 + 7330?
7304
In base 7, what is -3031 - -564?
-2134
In base 4, what is 22300 - -2312?
31212
In base 3, what is -12 - -21221212110?
21221212021
In base 7, what is -1043334 - 5?
-1043342
In base 11, what is -3315a - 6?
-33165
In base 7, what is -42 + -60?
-132
In base 12, what is a - -1074?
1082
In base 6, what is 5515 + -410?
5105
In base 2, what is -1011100010 - 100110?
-1100001000
In base 2, what is -10001001 - -110111011110?
110101010101
In base 6, what is 202351402 - 4?
202351354
In base 5, what is -1324343121 - 0?
-1324343121
In base 9, what is -115660 - 1?
-115661
In base 12, what is 592 - 2990?
-23ba
In base 5, what is -2202432 + -12?
-2202444
In base 13, what is 44 - 889?
-845
In base 13, what is -3480c - -4?
-34808
In base 9, what is 388 - 1470?
-1071
In base 8, what is -3 + 2615?
2612
In base 10, what is 11 + 10406?
10417
In base 8, what is 0 - -532266?
532266
In base 6, what is 1 + 2352324?
2352325
In base 6, what is 324412 + -11?
324401
In base 13, what is -1ab44 + -11?
-1ab55
In base 10, what is -7519 - -69?
-7450
In base 9, what is -15 + 218803?
218777
In base 7, what is -3 - -44553?
44550
In base 9, what is -3 + -1628?
-1632
In base 9, what is -1604 + 2046?
342
In base 16, what is -33b4f + 4?
-33b4b
In base 10, what is 11 + 105807?
105818
In base 14, what is -1 + -b8c5a?
-b8c5b
In base 13, what is -28b - -1243?
c85
In base 14, what is 1a - 159c?
-1582
In base 5, what is 24401114 + -1?
24401113
In base 6, what is -40 + -1540024?
-1540104
In base 14, what is -17 + -274b?
-2764
In base 2, what is -1111001001011001101 - 101?
-1111001001011010010
In base 4, what is -10 + -1332323203?
-1332323213
In base 10, what is 1 - 66487?
-66486
In base 11, what is 4627 + -28?
45aa
In base 12, what is 192040 + -9?
192033
In base 2, what is -110000000101110001011 + 100?
-110000000101110000111
In base 2, what is 11001000010110000 + -100?
11001000010101100
In base 16, what is 56 - -3b6?
40c
In base 4, what is 3 + 30203001?
30203010
In base 12, what is -1 + -8b825?
-8b826
In base 14, what is -2 - -41416?
41414
In base 13, what is 5c6 - -739?
1032
In base 4, what is -303 + -2310111?
-2311020
In base 4, what is 10023301 - 0?
10023301
In base 12, what is 36 + -2112?
-2098
In base 10, what is 5 - -175412?
175417
In base 13, what is 1c11a3 + 3?
1c11a6
In base 11, what is 83647 + -14?
83633
In base 10, what is -11691 - 10?
-11701
In base 16, what is 8217 - -1?
8218
In base 7, what is 6410 - 166?
6211
In base 15, what is -3 - 13cb5?
-13cb8
In base 4, what is -10 - -102213103?
102213033
In base 6, what is 443 - -30012?
30455
In base 4, what is -13031213 + 3230?
-13021323
In base 16, what is -5ac - -1ed?
-3bf
In base 14, what is 11990 - -8?
11998
In base 12, what is 2 - 1327b?
-13279
In base 11, what is -192 + -10?
-1a2
In base 11, what is -4 - 55268a?
-552693
In base 9, what is 5384758 + -3?
5384755
In base 14, what is -aa + 603?
537
In base 6, what is -4321022 - 3?
-4321025
In base 5, what is -23421 - -2?
-23414
In base 10, what is 129 - -171?
300
In base 6, what is 1 + -42245242?
-42245241
In base 2, what is -11101000000111100110 - -1?
-11101000000111100101
In base 9, what is 14006 - 657?
13238
In base 4, what is 100 + 31133221?
31133321
In base 9, what is 12582 + 23?
12615
In base 10, what is -5308 + -208?
-5516
In base 7, what is 0 - 22646?
-22646
In base 5, what is -111 - 14031?
-14142
In base 8, what is 16 + 564?
602
In base 10, what is -2 + 26734?
26732
In base 2, what is -111100010000 - -110010011?
-110101111101
In base 16, what is -a1 - 69?
-10a
In base 12, what is 10b2 + 42?
1134
In base 10, what is -5 + 96417?
96412
In base 4, what is 1100112 - -300?
1101012
In base 14, what is -3 + 206dd?
206da
In base 14, what is 7a0b - -bb?
7ac8
In base 7, what is 106 + -2262?
-2153
In base 8, what is 20 + 277251?
277271
In base 8, what is 1 + -15335?
-15334
In base 2, what is 10111011100000 + -10?
10111011011110
In base 13, what is 1a - b3c?
-b22
In base 14, what is -485 + 3?
-482
In base 2, what is -111100111101000000 + -1?
-111100111101000001
In base 9, what is -181 - -5241?
5050
In base 6, what is -53024 - 4?
-53032
In base 16, what is -22 + -20364?
-20386
In base 11, what is 9 + -a97?
-a89
In base 5, what is -10334 + 3121?
-2213
In base 6, what is -233 + -43302?
-43535
In base 16, what is -188 - -1db?
53
In base 9, what is 242 - 363?
-121
In base 6, what is -103235 - 23?
-103302
In base 3, what is 1110210 - -2111?
1120021
In base 2, what is -11001111010 + -11100100?
-11101011110
In base 2, what is 101 - -11001001111110000001?
11001001111110000110
In base 2, what is 1 - -11000101001010?
11000101001011
In base 7, what is 532240 + 2?
532242
In base 16, what is -7e3 + -5?
-7e8
In base 2, what is -10001 - -1011111100111?
1011111010110
In base 14, what is -11 - -4aa9?
4a98
In base 5, what is 14 + -134133104?
-134133040
In base 9, what is 204 - -717?
1022
In base 5, what is 1114 - 11?
1103
In base 4, what is -10 + 121202010?
121202000
In base 15, what is -a4eb3 + 1?
-a4eb2
In base 16, what is -6afc - 5?
-6b01
In base 16, what is -1b8e - 0?
-1b8e
In base 13, what is -3 + 10944?
10941
In base 7, what is -3665 - 221?
-4216
In base 14, what is 9840 - 3?
983b
In base 8, what is 33531555 + 4?
33531561
In base 5, what is 3 - 31214404?
-31214401
In base 4, what is -132 - 33112112?
-33112310
In base 2, what is -101111000000000 + 111001?
-101110111000111
In base 6, what is 304 - 1120?
-412
In base 12, what is 46 + 16277?
16301
In base 8, what is -24154412 - 3?
-24154415
In base 11, what is -14a + 443?
2a4
In base 10, what is 11 - 3205?
-3194
In base 11, what is 1663 + 29a?
1952
In base 4, what is 22132203 + 210?
22133013
In base 14, what is -100a - 159?
-1165
In base 3, what is 102 - -201200121?
201201000
In base 7, what is -155 - -2056?
1601
In base 15, what is -2e66 + 5?
-2e61
In base 11, what is -390 - -440?
60
In base 6, what is -1 - -21011522?
21011521
In base 10, what is 2 - 108870?
-108868
In base 15, what is 23 - -239?
25c
In base 6, what is 2 - 23440454?
-23440452
In base 9, what is 4 + 154158?
154163
In base 8, what is 11140 - 0?
11140
In base 7, what is -361605 + -4?
-361612
In base 6, what is -401022 - 35?
-401101
In base 4, what is -13203 - -3013?
-10130
In base 13, what is 145a - 0?
145a
In base 10, what is -1449 + 6?
-1443
In base 3, what is -100221